at is the tens digit of 77813705?
0
What is the thousands digit of 72313136?
3
What is the tens digit of 117778960?
6
What is the ten millions digit of 336226522?
3
What is the ten millions digit of 118019044?
1
What is the billions digit of 1753428613?
1
What is the ten millions digit of 304769787?
0
What is the hundreds digit of 11909448?
4
What is the hundred millions digit of 249025112?
2
What is the ten thousands digit of 189635696?
3
What is the ten millions digit of 830944421?
3
What is the thousands digit of 10696728?
6
What is the ten millions digit of 54689574?
5
What is the hundred millions digit of 500294605?
5
What is the hundred millions digit of 386711181?
3
What is the tens digit of 1725575658?
5
What is the ten thousands digit of 312808725?
0
What is the hundreds digit of 1542294807?
8
What is the millions digit of 66075641?
6
What is the thousands digit of 1327933844?
3
What is the units digit of 2304505843?
3
What is the hundred thousands digit of 3045877782?
8
What is the hundred thousands digit of 559736531?
7
What is the tens digit of 2253837727?
2
What is the millions digit of 3483239789?
3
What is the ten thousands digit of 453864539?
6
What is the thousands digit of 437127365?
7
What is the ten thousands digit of 108649786?
4
What is the tens digit of 397246891?
9
What is the millions digit of 24633405?
4
What is the ten thousands digit of 114973843?
7
What is the tens digit of 429043836?
3
What is the millions digit of 36550140?
6
What is the billions digit of 5259613715?
5
What is the billions digit of 1726815031?
1
What is the tens digit of 97549495?
9
What is the ten millions digit of 2022365656?
2
What is the units digit of 8089071760?
0
What is the tens digit of 17444235?
3
What is the ten millions digit of 407721940?
0
What is the millions digit of 34922352?
4
What is the hundreds digit of 7682265?
2
What is the hundred millions digit of 1023407572?
0
What is the hundred thousands digit of 33104915?
1
What is the tens digit of 88881545?
4
What is the hundreds digit of 1751432323?
3
What is the hundreds digit of 326635126?
1
What is the millions digit of 68303187?
8
What is the ten thousands digit of 353642184?
4
What is the thousands digit of 443340512?
0
What is the hundreds digit of 475580726?
7
What is the units digit of 496069028?
8
What is the hundreds digit of 8583649077?
0
What is the billions digit of 2809034479?
2
What is the millions digit of 147765803?
7
What is the thousands digit of 1534369284?
9
What is the hundreds digit of 852482705?
7
What is the hundred millions digit of 1036450161?
0
What is the thousands digit of 163623386?
3
What is the hundreds digit of 198295222?
2
What is the tens digit of 1722667811?
1
What is the thousands digit of 58006476?
6
What is the ten millions digit of 733061122?
3
What is the hundred millions digit of 3778707952?
7
What is the millions digit of 712085506?
2
What is the tens digit of 46112413?
1
What is the ten thousands digit of 144304738?
0
What is the tens digit of 26953247?
4
What is the ten thousands digit of 142764762?
6
What is the hundred millions digit of 529478952?
5
What is the ten millions digit of 40542538?
4
What is the hundreds digit of 3977286506?
5
What is the tens digit of 419231913?
1
What is the units digit of 305413410?
0
What is the ten millions digit of 230999037?
3
What is the hundreds digit of 4037445334?
3
What is the billions digit of 3380493956?
3
What is the thousands digit of 819244838?
4
What is the tens digit of 7205824?
2
What is the units digit of 134744522?
2
What is the ten thousands digit of 86383202?
8
What is the hundred millions digit of 247196171?
2
What is the units digit of 43930760?
0
What is the millions digit of 3885169636?
5
What is the billions digit of 1572716706?
1
What is the ten thousands digit of 225924763?
2
What is the tens digit of 357694932?
3
What is the tens digit of 68210370?
7
What is the ten millions digit of 29133230?
2
What is the hundreds digit of 167659743?
7
What is the tens digit of 641131200?
0
What is the tens digit of 8216940441?
4
What is the hundreds digit of 1750972248?
2
What is the hundred millions digit of 1558284522?
5
What is the tens digit of 1944634769?
6
What is the thousands digit of 859457980?
7
What is the billions digit of 2408757213?
2
What is the ten millions digit of 387250322?
8
What is the thousands digit of 9892008?
2
What is the tens digit of 189741222?
2
What is the millions digit of 2433735727?
3
What is the billions digit of 3472887581?
3
What is the thousands digit of 1077725297?
5
What is the millions digit of 86102842?
6
What is the units digit of 861081024?
4
What is the hundred millions digit of 876261732?
8
What is the hundreds digit of 40130496?
4
What is the millions digit of 71033240?
1
What is the hundred millions digit of 4904867433?
9
What is the ten millions digit of 135890340?
3
What is the millions digit of 3768149304?
8
What is the ten millions digit of 6463727839?
6
What is the hundred millions digit of 439707250?
4
What is the ten thousands digit of 4724914626?
1
What is the ten thousands digit of 1048386986?
8
What is the thousands digit of 12889747?
9
What is the hundred thousands digit of 1819899257?
8
What is the hundred millions digit of 1731358121?
7
What is the hundred thousands digit of 54666386?
6
What is the ten thousands digit of 3085212801?
1
What is the thousands digit of 601965326?
5
What is the hundred millions digit of 101590438?
1
What is the hundred thousands digit of 60012927?
0
What is the millions digit of 8127240988?
7
What is the millions digit of 67937729?
7
What is the thousands digit of 2978214006?
4
What is the units digit of 33004295?
5
What is the hundred thousands digit of 124854444?
8
What is the hundreds digit of 244022272?
2
What is the ten millions digit of 2342702974?
4
What is the hundred thousands digit of 3799036?
7
What is the ten millions digit of 173382162?
7
What is the hundred millions digit of 1415134810?
4
What is the ten millions digit of 764994250?
6
What is the billions digit of 1528030753?
1
What is the hundreds digit of 44436669?
6
What is the thousands digit of 125896466?
6
What is the ten millions digit of 170788672?
7
What is the hundreds digit of 92316634?
6
What is the thousands digit of 3568380928?
0
What is the thousands digit of 208387990?
7
What is the hundreds digit of 3554651082?
0
What is the thousands digit of 33837149?
7
What is the hundred millions digit of 110373813?
1
What is the millions digit of 242307427?
2
What is the hundreds digit of 621476289?
2
What is the ten millions digit of 313307714?
1
What is the hundreds digit of 8793004?
0
What is the ten thousands digit of 896269005?
6
What is the millions digit of 848458145?
8
What is the hundred thousands digit of 59648000?
6
What is the millions digit of 334962103?
4
What is the millions digit of 17041888?
7
What is the thousands digit of 23950142?
0
What is the ten thousands digit of 137064212?
6
What is the units digit of 25492768?
8
What is the hundred millions digit of 169796395?
1
What is the units digit of 73911430?
0
What is the units digit of 4673560490?
0
What is the hundred thousands digit of 4144297?
1
What is the ten millions digit of 157774263?
5
What is the hundreds digit of 2612612904?
9
What is the ten thousands digit of 43238948?
3
What is the units digit of 2832163928?
8
What is the hundreds digit of 8197849?
8
What is the units digit of 6517974?
4
What is the thousands digit of 33595543?
5
What is the ten millions digit of 234719158?
3
What is the millions digit of 70749319?
0
What is the hundred thousands digit of 30132137?
1
What is the ten thousands digit of 104177490?
7
What is the thousands digit of 83328607?
8
What is the ten thousands digit of 35343941?
4
What is the ten millions digit of 8110769609?
1
What is the tens digit of 898734249?
4
What is the hundred thousands digit of 683446487?
4
What is the millions digit of 181302063?
1
What is the hundred thousands digit of 1118494257?
4
What is the millions digit of 1475441815?
5
What is the millions digit of 27260030?
7
What is the millions digit of 51718142?
1
What is the thousands digit of 106452245?
2
What is the thousands digit of 90933671?
3
What